nder when 28 is divided by y?
10
Suppose 32 = 2*f + 2*v - 116, -3*v = -4*f + 261. What is the remainder when 214 is divided by f?
7
Suppose 4*r - 6784 = -5*n, -3*n + r = -7*n + 5425. Suppose -n - 1000 = -31*m. What is the remainder when m is divided by 13?
11
Let s = 783 + -534. Suppose 0*v + 3*v = r - s, 3*r = -v + 737. What is the remainder when r is divided by 19?
18
Suppose -5*c - 7 = -z, 0 = 2*z - c + 6*c - 29. Let y(l) = 0*l + z + 12 + 3*l - 3. What is the remainder when y(8) is divided by 8?
5
Let o = -265 + 271. Let m(x) = x**3 - 4*x**2 - 57. Suppose 4*b = t - 42, -25 = -3*t + 2*b + 131. What is the remainder when t is divided by m(o)?
9
Suppose -16*p + 20*p - 16*p + 9360 = 0. What is the remainder when p is divided by 204?
168
Let y be ((-2)/(-4))/(2 - 88/48). What is the remainder when 1/((1 - y)/(-88)) is divided by 28?
16
Let j = -53 - 37. Let i = 100 + j. Let m(t) = -t**2 - 12*t - 2. What is the remainder when m(-10) is divided by i?
8
Let s = 84 + -53. Suppose 0 = 14*p - 15*p + s. Suppose -3*w - 52 = -5*i, p = 6*i - 3*i - 2*w. Calculate the remainder when 75 is divided by i.
9
Let t be ((-1)/(-4))/(28/4592). Let m = 160 - t. What is the remainder when m is divided by 30?
29
Suppose 5*r + 232 = 3*y, 2*y - 2*r + 20 = 160. Suppose -o + 5*b + 0 = -7, 0 = 2*o - b - 41. What is the remainder when y is divided by o?
15
Suppose 5*j = -4*a + 617, 2*a - 301*j = -302*j + 313. Calculate the remainder when a is divided by 16.
14
Let o(s) = 12*s**2 + 19*s + 1206. What is the remainder when o(-21) is divided by 197?
189
Let s(l) = -27*l**3 - 4*l**2 - 5*l - 1. Let y(t) = 27*t**3 + 5*t**2 + 6*t + 1. Let p(c) = 7*s(c) + 6*y(c). What is the remainder when 40 is divided by p(-1)?
13
Let z(x) = -x**2 + 39*x - 262. Calculate the remainder when 3402 is divided by z(11).
44
Let r = 1092 + -551. Calculate the remainder when r is divided by 177.
10
Let h(s) = s**2 - 109*s + 2047. What is the remainder when 14 is divided by h(85)?
0
Let t = -551 + 652. Suppose -67 = -2*c + 77. Let g = t - c. What is the remainder when g is divided by 15?
14
Let f(a) = a**3 + 36*a**2 + 184*a + 72. Calculate the remainder when f(-17) is divided by 106.
103
Suppose 16*b - 13 + 583 = 26*b. What is the remainder when b is divided by 23?
11
Suppose 0 = 5*k - 3*y + 6*y - 17, -4*y + 4 = 2*k. Suppose -2*a + k*d = -552, 2*d = -2 + 8. What is the remainder when a is divided by 71?
69
What is the remainder when 316/7*(-81270)/(-516) is divided by 56?
54
Suppose -21*n - 36 = 21*n - 876. Calculate the remainder when 158 is divided by n.
18
Let k(q) = 7*q**2 + q + 2. Let v(j) = j**3 - 9*j**2 + 397*j - 2934. Calculate the remainder when v(9) is divided by k(2).
31
Let j = 207 + 29. Suppose 2*x + 68 = -2*s + 560, x - j = 4*s. Let k = 13284 - 13249. Calculate the remainder when x is divided by k.
34
Suppose 81*d - 89*d = -2296. What is the remainder when d is divided by 32?
31
Let f(q) = -q**2 - 3*q - 40. Let m(z) = -z**2 - 4*z - 41. Let n(a) = -4*f(a) + 3*m(a). Let p = 887 + -814. Calculate the remainder when p is divided by n(0).
36
Let j(p) = 128*p**2 - 508*p + 10. Let l = 298 - 145. Suppose 4*g - g = l. What is the remainder when g is divided by j(4)?
25
Suppose 0 = 4*a - 3*s - 177, 2*a - 72*s - 69 = -77*s. Suppose -5*d = -557 - 1728. Calculate the remainder when d is divided by a.
37
Suppose 8*l = 40*l + 9568. Let y = 313 + l. What is the remainder when 111 is divided by y?
13
Let h be 2/(-7) + (-558)/(-42). Suppose -h*j + 310 = -8*j. Let s = j + -41. Calculate the remainder when 34 is divided by s.
13
Calculate the remainder when (-25)/2*(-864)/30 is divided by 52.
48
Let i(p) = -2*p - 2. Let f be i(0). Let c be (f - -1) + (-5 - -32). Calculate the remainder when 1/(-2) + 897/c is divided by 6.
4
Suppose -4*r = 2*u + 2*u - 380, -4*r = 2*u - 192. Suppose -4*k - 5*p + 212 = 10, -2*k + u = -p. What is the remainder when k is divided by 18?
12
Suppose 10 = -2*c, -5*q + 20*c = 25*c + 4435. Let r = -818 - q. Calculate the remainder when 125 is divided by r.
61
Let k(o) = -2*o**2 + 24*o - 39. Suppose 3*b - 75 = -0*b. What is the remainder when b is divided by k(9)?
10
Suppose 0 = 8*q + 4*q - 312. Suppose -2*p + 0 = 18. Let c = q + p. Calculate the remainder when 50 is divided by c.
16
Let r be -5 + 0 + 5 - -135. Let g = -108 + r. Suppose -5 = 3*b - 26. Calculate the remainder when g is divided by b.
6
Suppose -86*s + 8*s + 11026 = -4*s. Calculate the remainder when 468 is divided by s.
21
Suppose -27*m - 152 = -35*m. What is the remainder when 2 - (-66 + -2 + 2) is divided by m?
11
Suppose -x + 2 = p, 4*x + 19 = 5*p + 54. Let c(r) = 4*r**2 - 5*r - 1. Calculate the remainder when c(p) is divided by 26/(-221) - (344/(-34) + -1).
6
Let w be (-3)/2*(10/(-3))/1. Suppose -3*o + 14 + 12 = w*t, -4*t + 19 = 3*o. Calculate the remainder when 139 is divided by t.
6
Suppose 0 = -2*u + 2*o - 1 + 65, 5*u + 3*o - 176 = 0. Suppose -1262 = -u*h + 1288. What is the remainder when h is divided by 26?
23
Suppose -a + 5*u + 96 = 0, a - 50 = -8*u + 137. Calculate the remainder when 1824 is divided by a.
121
Suppose 5*b = 13*b - 944. Suppose 7*t - b = 162. Calculate the remainder when 196 is divided by t.
36
Suppose -5*k = -d - 18872, -5*k - 10*d + 18887 = -6*d. Suppose 0 = -11*z - 14*z + k. Calculate the remainder when z is divided by 18.
7
Let k be (-5)/(-3) + 8/24. Suppose 3*y + 455 = 4*d, k*d = -y + 2*y + 225. What is the remainder when d is divided by 29?
23
Let s = 19 - -2. Let l(q) = 85*q - 417. Let p(z) = -4*z - 2. Let n(u) = -l(u) - p(u). What is the remainder when s is divided by n(5)?
7
Suppose p + d = 0, 5*p + 3*d = 2*d - 12. Calculate the remainder when 55 is divided by 3 + (5 - (14 + p)) + 10.
6
Suppose -2*o - 3*b + 92 = 0, -10*o = -13*o - 5*b + 139. Suppose o*h + 165 = 48*h. What is the remainder when 60 is divided by h?
27
Let o = -81 + 194. Suppose q = 5*m + 144, -q + 4 + o = 4*m. What is the remainder when q is divided by 27?
21
Let d be (-253)/(-22) + (-3)/(-2). Suppose w - 117 = d. Let z = 42 + -20. Calculate the remainder when w is divided by z.
20
Suppose 22*r - 2549 - 113 = 0. Let x = r - 91. What is the remainder when 149 is divided by x?
29
Suppose -k = -2*b - 2419, -3 = 2*b + 3. What is the remainder when k is divided by 16?
13
Let c be 157 + (45/(-3))/5. Suppose 0 = -19*v + 30*v - c. What is the remainder when 38 is divided by v?
10
Let n = -3071 + 3648. Calculate the remainder when n is divided by 277.
23
Suppose -20 = 4*j, 0 = -s - 2*s + j + 17. Let k be (-14)/s*(-36)/2. Suppose -l + 10*l = k. Calculate the remainder when 39 is divided by l.
4
Suppose -8*p + 428 = 12. Calculate the remainder when ((-2)/((-16)/(-12)) - -2)*202 is divided by p.
49
Suppose 0 = 9*m + 36 - 423. Suppose m*a - 39*a = 24. What is the remainder when 40 is divided by a?
4
Let w(h) = -3*h**2 - 86*h + 366. Calculate the remainder when 426 is divided by w(-30).
180
Let y be ((-3)/9)/(2/(-24)). Suppose y*t + 4 = 12. Suppose -37 = -3*u + 3*n + n, -t*u = -4*n - 18. What is the remainder when u is divided by 11?
8
Suppose 38*d = 3*f + 39*d - 560, 0 = -2*d - 2. Calculate the remainder when 373 is divided by f.
186
Let t(c) = -c**2 + 47*c - 274. What is the remainder when 1258 is divided by t(38)?
34
Let m = -11 + 16. Let i be 214 + (-5)/25*-5. Let y = i + -211. What is the remainder when m is divided by y?
1
Let n(w) = w**3 + 21 - 12*w**2 - 170*w - 3*w**2 + 196*w. What is the remainder when 51 is divided by n(13)?
9
Let j(g) = -71*g + 10444. Suppose -40 = -2*q - 4*i, 3*q = 2*q - 4*i + 14. Calculate the remainder when q is divided by j(147).
5
Let l = 1582 + -1509. Let o(a) = 59*a + 1. Let x be o(2). Suppose 2*t = -3*g + l, -3*t + t = 5*g - x. What is the remainder when g is divided by 9?
5
Let k(n) be the first derivative of -31*n**4/4 - n**2 - 2*n - 1. Let x be (150/(-12) + 12)*2. What is the remainder when k(x) is divided by 9?
4
Let o(m) = -m**2 - 9*m - 17. Let i be o(-6). Suppose -i = -y, 4*s + 7*y - 961 = 2*y. Calculate the remainder when s is divided by 49.
43
Suppose 9*i + 2*c - 16 = 5*i, -3*c - 12 = 0. Let x(a) = -4*a - 13. Let b be x(-4). Let n = i + b. What is the remainder when 33 is divided by n?
6
Calculate the remainder when 1109 is divided by (-3)/(-5)*(171 - 146).
14
Let a(r) = r**2 - 5*r - 7. Let j